= -3*g - a + i, g = 4*a - 1. Let l = -1 + g. What is the units digit of l?
2
Let l(j) = 2*j**2 - 2*j. Let n be l(3). Let c(f) = f - 12. Let p be c(7). What is the tens digit of p*n/(-70)*49?
4
Suppose 3*z = z + 3*x + 20, -5*x + 20 = 2*z. Suppose 4*j - 11 = -p, -p - 2*j + 4 = 1. What is the tens digit of (-3 - p)*(z + 2)?
2
Let a = -44 + 31. Let k = 12 + -27. Let s = a - k. What is the units digit of s?
2
Let b be ((-3)/2)/((-36)/192). What is the tens digit of 2/b + (-381)/(-12)?
3
Let o = -14 + 21. Let f = -4 + o. Suppose f*w - 52 = w. What is the tens digit of w?
2
Let j(o) = 37*o**2 - 31*o + 9. What is the tens digit of j(2)?
9
Let l(x) = x**3 - 8*x**2 - 2*x + 16. Let i = 12 - 4. Let a be l(i). Let d(s) = -s + 19. What is the units digit of d(a)?
9
Let v(g) = 5*g**2 - 2*g + 2. Let j be v(-3). Let l = 18 + j. What is the tens digit of l?
7
Let a(h) be the first derivative of h**2/2 + h + 6. What is the units digit of a(15)?
6
Let f be 288/10 + (-28)/35. Suppose 79 = 5*u + 4*l, -3*u + f + 13 = 4*l. Let j = 63 - u. What is the tens digit of j?
4
Suppose 1174 = 21*o - 842. What is the units digit of o?
6
Suppose -c - g = -546, -2*g - 2182 = -4*c - 4*g. Suppose -4*r - 371 = -2*x + r, -3*x + c = 4*r. What is the hundreds digit of x?
1
Let y(s) = -s - 2. Suppose n = 3, 2*p + 3*n - 4*n - 21 = 0. Let b be y(p). What is the units digit of 22 + -1 - (-16 - b)?
3
What is the units digit of (-7308)/(-20) + 5/((-50)/4)?
5
Suppose 2*j = 3*y + 6582, 25*j - 2*y = 21*j + 13172. What is the tens digit of j?
9
Suppose -36 = -2*z - 2*z. Suppose r = -3*w + 136, -w + 5*r + z = -47. What is the units digit of w - (-1)/2*-4?
4
Let a be (-700)/(-60) - (-2)/6. What is the tens digit of 4*12 - (-15 + a)?
5
Let m(u) = 3*u + 19. Let p be m(16). Let c = 97 - p. What is the tens digit of c?
3
Let d(p) = p + 4. Let k be d(0). Let w be k - (1 - 2) - 1. What is the units digit of w/(-34) + 180/85?
2
Let r = 75 + 82. What is the tens digit of r?
5
Let d be 0/(-5 - 0) + 2. Suppose -6*p + d = -4*p. What is the units digit of p?
1
Suppose 0 = -4*v - 2*v. Suppose -2*d - 4*o + 298 = v, d + 4*o = -2*d + 439. What is the tens digit of d?
4
Let n = 81 - -275. What is the hundreds digit of n?
3
Suppose 0*b = 3*b + 2*m - 95, 0 = -2*b + 2*m + 50. Suppose 0*s - 47 = -3*s - 5*c, -s + c = -b. Suppose 2*f = 18 + s. What is the tens digit of f?
2
Let r = 1830 + -808. What is the thousands digit of r?
1
What is the units digit of (0 - 19)/(742/(-49) + 15)?
3
Suppose 0 = -3*h - 5*t + 15, -3*t - 22 = -4*h - 2. Suppose 0*y = h*u + 3*y - 91, 0 = 4*u + 2*y - 72. What is the units digit of u?
7
Suppose 3*z = -6 + 3. Let c(v) = -3 + 3 + 1 - 3*v. What is the units digit of c(z)?
4
Let u be 1 - (0 - (6 - -2)). Let n(m) = -5 + 0*m + u*m + 4*m. What is the tens digit of n(2)?
2
Suppose 3*i + 0*i + 102 = 0. Let b = 98 + -48. Let y = i + b. What is the tens digit of y?
1
Suppose -997 = -3*n + 2*a, -4*n + 3*a + 1331 = -0*a. What is the units digit of n?
9
Suppose -3*q = 3*d + 36, 4*d = 2*q + 3*q - 21. Let u be d/(-4) - 2/8. Suppose -u*y + 0*y = -64. What is the tens digit of y?
3
Suppose 14*j = -1904 + 6986. What is the hundreds digit of j?
3
Let d(z) = -z**3 + 5*z**2 - 2*z. Let p be d(3). What is the units digit of 1098/p*(-4)/(-6)?
1
Suppose -3*m - 2136 = -3*j, 3*m = 5 + 4. What is the units digit of j?
5
Suppose -7*w + 2*w = 0. Suppose 3*q - 58 = -w*q - 5*s, 3*q + 4*s = 59. Suppose q = 2*f - 5. What is the tens digit of f?
1
Let f(k) = 5*k**2 - 29*k + 22. What is the tens digit of f(-10)?
1
Let j(z) = 3*z + 2. Let f be j(1). Suppose -2*t + f*t - 195 = 0. What is the tens digit of t?
6
Let a = 849 + 224. What is the tens digit of a?
7
Let l(y) = y**3 - 4*y**2 - 5*y + 2. Let f be l(7). Suppose -3*r + f = -102. What is the units digit of r?
2
Let s(k) = 161*k**2 + k + 28. What is the thousands digit of s(-4)?
2
Let h = 9 + -5. Suppose 0 = h*b + 215 - 759. Suppose b = 7*q - 193. What is the tens digit of q?
4
What is the tens digit of 23210/5 - 10 - (-24)/(-4)?
2
Let o(u) = -166*u + 80. What is the hundreds digit of o(-4)?
7
Let q(l) be the third derivative of 0 - 10*l**2 + l**3 + 0*l + 7/60*l**5 + 0*l**4 - 1/120*l**6. What is the units digit of q(6)?
2
Suppose -f - 6 = -3*f, -4*o - f + 1763 = 0. What is the tens digit of o?
4
Let r = -115 + 184. Suppose 5*n + 19 = r. Suppose -4*y + 2*m + 48 = 0, n*m - 5*m - 23 = -3*y. What is the units digit of y?
1
Let m(p) = 5*p**2 + 4*p + 2. Let a be m(4). Let i = a - 46. What is the units digit of i?
2
Let g = -89 + -251. Let c = g + 500. What is the tens digit of c?
6
Suppose -8*r + 135 - 31 = 0. Suppose 14*k - 238 = r*k. What is the hundreds digit of k?
2
What is the units digit of (80/(-8))/((-6)/240)?
0
What is the tens digit of 164424/84 + 8/14?
5
Let n = 814 + 603. What is the hundreds digit of n?
4
Suppose 0 = -2*y + 4545 - 1133. What is the tens digit of y?
0
Suppose 4 = q + 9. Let x(a) = -2*a + 2. What is the units digit of x(q)?
2
Suppose 0*l + 54 = 6*l. Let r(h) = h**3 - 10*h**2 + 11*h - 6. Let u be r(l). What is the units digit of 3/u + 27/4?
7
Suppose 5*d - 176 = 3*d. Suppose -3*v + 3*z = -429, -v + 5*z + 35 = -d. What is the tens digit of v?
4
Let d(q) = -q**3 + 7*q**2 - 8*q + 6. Let o be d(4). Let k = -19 + o. What is the tens digit of k - (-5)/(10/94)?
5
What is the tens digit of (-10 - -5696 - 19)*(-1)/(-3)?
8
Let o(k) = -k**2 + 5*k + 3. Let n be o(6). What is the units digit of 10/(n/((-117)/3))?
0
Let p be (-40)/3 - 52/78. Let t = 32 + p. What is the units digit of t?
8
What is the hundreds digit of 65/325 - (-30208)/10?
0
Let p = 46 + -33. Let q = 15 - p. Suppose s - q*y + 19 - 62 = 0, y = 4*s - 193. What is the units digit of s?
9
Let t(w) = -w**3 + 26*w**2 + 67*w + 93. What is the hundreds digit of t(28)?
4
Let o(f) be the third derivative of -f**5/60 + f**4/3 + 2*f**3/3 - 6*f**2. Let k be o(7). Suppose -c + k = -18. What is the units digit of c?
9
Suppose 6*r - 2*r = -1872. What is the units digit of (-4)/(-14) - r/28?
7
Let i(n) = -n**2 + 10*n - 13. Let h be i(9). What is the units digit of (0 - h - -67) + 0?
1
Let g be 1/4 + (-75)/(-20). What is the units digit of 6560/100 - g/(-10)?
6
Let t be (-138)/(-4) - ((-6)/(-4) - 1). Let a = 38 - t. What is the units digit of a?
4
Suppose 4*y + m = 103 + 1, 3*y - 78 = -m. Let o(c) = c**2 + 17*c - 59. Let g be o(-19). Let k = y + g. What is the units digit of k?
5
Suppose -1393 - 1253 = 6*j. What is the units digit of j/(-3) - (-1 - -1)/(-4)?
7
Let u be (12/(-2))/((-4)/(-48)). Let r = -128 + 231. Let d = r + u. What is the units digit of d?
1
Let r be (-1)/2 + 1/2. Let w = 2 - r. Suppose 3*b - 8 = -w*m, -3*m + b + 10 = 6*b. What is the units digit of m?
0
Let c(f) = 2*f**3 - 16*f**2 + 9*f - 17. Let n be c(11). Suppose -3 = 5*o - n. What is the tens digit of o?
6
Let x(h) = -h**2 - 14*h - 2. Let c be x(-14). Let u be -3 - (c - (-3 + 2)). What is the units digit of (-2 + u)*(2 - 4)?
8
Suppose 3*d = 5*q - d - 2375, -3*d - 15 = 0. What is the units digit of q?
1
Let c be (-98)/6 + (-1)/(-3). Let k be 5/(5/47) + 2. Let z = k + c. What is the tens digit of z?
3
Let b be (-793)/65 - 1/(-5). Let v = b - -2. What is the tens digit of (-5)/v*28/1?
1
Let r = 18 + -21. Let b(m) be the second derivative of m**4/12 - m**3/2 + 3*m**2/2 - 2*m. What is the units digit of b(r)?
1
Suppose 10 = -5*i, 11*x - 3*i - 51 = 6*x. Suppose -x*r + 10*r = 108. What is the tens digit of r?
0
Suppose 4*l + 14 = -6. Let o = l - -7. Suppose -4 = -o*f + 4*u, 5*f - 4*u + u - 45 = 0. What is the tens digit of f?
1
Let d(n) be the second derivative of 0 - 3/4*n**4 - n**3 + 6*n + 2*n**2 + 1/20*n**5. What is the tens digit of d(10)?
4
Suppose 26*h = -5*d + 28*h + 13338, 3*d - 4*h - 8000 = 0. What is the hundreds digit of d?
6
Let g be ((-1)/(-3))/((-6)/(-414)). Let p(h) = h**2 + h + 7. Let k be p(3). Let n = g - k. What is the units digit of n?
4
Suppose -4*x - 4684 = -4*p, -24*x = -23*x. What is the tens digit of p?
7
Suppose -2*j + 3*l = 11 - 36, -2*l - 25 = -3*j. What is the units digit of 1313/j + 12/30?
3
Suppose 4*j - 1999 = -3*v, 4*j - 1989 = -3*v + 2*v. What is the hundreds digit of j?
4
Let n(f) = f**2 + 8*f + 7. Let x be n(-6). Suppose -4*k = -64 - 32. Let h = x + k. What is the tens digit of h?
1
Suppose -32 + 32 = 5*u. What is 